36 divide 390998052?
True
Does 66 divide 657832459?
False
Does 353 divide 63831472?
False
Does 19 divide 3012905186?
False
Is 1077467123 a multiple of 49?
False
Is 625 a factor of 1231688?
False
Is 146 a factor of 332803934?
True
Does 120 divide 6934800?
True
Is 24 a factor of 4119016?
False
Is 6755188 a multiple of 242?
True
Does 35 divide 2377370905?
True
Does 3509 divide 184283822?
False
Is 1922 a factor of 524861682?
True
Is 438545880 a multiple of 36?
True
Does 157 divide 24005105?
False
Does 1018 divide 755683796?
True
Is 56 a factor of 2411173?
False
Does 60 divide 19617441?
False
Is 5118141 a multiple of 114?
False
Does 147 divide 224675829?
True
Does 71 divide 695810088?
False
Is 1455146107 a multiple of 293?
False
Is 29 a factor of 12382887?
False
Is 107 a factor of 274683980?
True
Is 2594 a factor of 97636583?
False
Is 124605435 a multiple of 15?
True
Is 10820 a factor of 86062280?
True
Is 49 a factor of 23858688?
True
Is 40870176 a multiple of 204?
True
Is 21533264 a multiple of 758?
True
Is 790 a factor of 32306135?
False
Is 225567594 a multiple of 42?
True
Is 1321 a factor of 114139058?
False
Is 370772567 a multiple of 11?
True
Is 7107625 a multiple of 11?
False
Does 329 divide 87040240?
True
Is 37925490 a multiple of 30?
True
Is 130 a factor of 7703056?
False
Does 68 divide 5255709256?
True
Is 374 a factor of 3326830570?
False
Does 62 divide 70204026?
True
Is 22442199 a multiple of 188?
False
Does 2376 divide 6085231?
False
Is 8 a factor of 60651497?
False
Is 160809935 a multiple of 2436?
False
Does 1471 divide 45164113?
True
Is 34361207 a multiple of 343?
False
Is 20360550 a multiple of 175?
True
Is 4050 a factor of 2251621800?
True
Is 55590294 a multiple of 6?
True
Is 8 a factor of 7365379?
False
Is 2690 a factor of 1115908840?
True
Does 944 divide 213811550?
False
Does 32 divide 737892521?
False
Is 693112410 a multiple of 135?
True
Is 43 a factor of 68965440?
False
Is 9 a factor of 20030571?
True
Does 91 divide 671542144?
True
Is 12568544 a multiple of 4?
True
Is 564 a factor of 59519081?
False
Does 64 divide 912250880?
True
Does 2946 divide 501446035?
False
Does 46 divide 5557030?
True
Does 1629 divide 239420646?
True
Is 202 a factor of 1892089836?
False
Is 149493558 a multiple of 893?
True
Is 11342968 a multiple of 13?
True
Is 490 a factor of 38594372?
False
Is 12 a factor of 503427360?
True
Is 15 a factor of 59783705?
False
Is 17 a factor of 205771247?
True
Is 3382894626 a multiple of 271?
True
Is 14049184 a multiple of 1255?
False
Does 5 divide 3978420?
True
Is 131169759 a multiple of 24?
False
Does 35 divide 6431279605?
False
Is 221045751 a multiple of 206?
False
Is 2988628033 a multiple of 45?
False
Does 5 divide 68609497?
False
Does 24 divide 95498163?
False
Is 6 a factor of 1240942573?
False
Does 3 divide 127139045?
False
Is 619620449 a multiple of 55?
False
Is 1492 a factor of 140146889?
False
Is 13 a factor of 566500740?
True
Is 1561 a factor of 1488292836?
False
Is 27 a factor of 25364093?
False
Is 13503 a multiple of 1846?
False
Is 39789335 a multiple of 139?
False
Does 430 divide 163547809?
False
Is 1861 a factor of 148730853?
False
Does 20 divide 37892885?
False
Is 273659760 a multiple of 880?
True
Is 57 a factor of 167006409?
True
Does 72 divide 143978978?
False
Is 163818409 a multiple of 227?
True
Is 265 a factor of 704711885?
False
Does 2340 divide 199903415?
False
Does 17 divide 1374453?
False
Is 86 a factor of 51789974?
True
Does 525 divide 20881816?
False
Does 171 divide 1206032220?
True
Is 87073613 a multiple of 136?
False
Is 77085415 a multiple of 14?
False
Is 4 a factor of 2328315?
False
Is 2085821 a multiple of 24?
False
Is 991 a factor of 17105608?
False
Is 1368889360 a multiple of 2266?
False
Is 387737300 a multiple of 6?
False
Is 310 a factor of 84359990?
True
Is 9138551130 a multiple of 46?
True
Is 51 a factor of 5093770?
False
Is 547 a factor of 171937963?
True
Is 80 a factor of 2761690160?
True
Is 30 a factor of 292402447?
False
Is 1146 a factor of 754475394?
False
Does 9 divide 6565059?
True
Is 128851520 a multiple of 410?
True
Is 1306147275 a multiple of 75?
True
Is 185370276 a multiple of 12?
True
Does 1966 divide 254111915?
False
Is 55914379 a multiple of 1852?
False
Is 12673577 a multiple of 239?
False
Is 320 a factor of 23567680?
True
Is 8916193 a multiple of 143?
True
Is 109214599 a multiple of 7?
False
Is 427099385 a multiple of 87?
False
Does 30 divide 15255510?
True
Is 42 a factor of 72696792?
True
Does 166 divide 3546756?
True
Does 147 divide 1944764871?
True
Does 738 divide 127360537?
False
Does 869 divide 477230660?
False
Is 147349875 a multiple of 3065?
True
Is 7029631 a multiple of 120?
False
Does 5 divide 14344058?
False
Is 12 a factor of 313833288?
True
Is 88476080 a multiple of 4240?
True
Does 182 divide 29030092?
True
Is 37844263 a multiple of 37?
False
Is 48554380 a multiple of 23?
True
Does 93 divide 10099428?
True
Is 85619120 a multiple of 4?
True
Is 12484572 a multiple of 27?
False
Is 23840564 a multiple of 1869?
False
Does 34 divide 71959368?
True
Is 121208180 a multiple of 1081?
False
Is 205254440 a multiple of 17?
False
Is 115 a factor of 641372250?
True
Is 27 a factor of 49944937?
False
Is 9131621 a multiple of 689?
False
Is 70581497 a multiple of 6?
False
Is 405835230 a multiple of 652?
False
Does 33 divide 3761142132?
True
Is 201 a factor of 669986156?
False
Does 63 divide 51822697?
False
Does 347 divide 14895669?
True
Does 2 divide 18784438?
True
Is 112 a factor of 1018752?
True
Is 214762866 a multiple of 1983?
True
Does 29 divide 45329900?
True
Is 16 a factor of 6743584959?
False
Is 6 a factor of 755842128?
True
Is 112759984 a multiple of 16?
True
Is 1481226 a multiple of 397?
False
Is 684373592 a multiple of 11?
False
Is 16303014 a multiple of 111?
True
Does 196 divide 1825245492?
True
Does 70 divide 1827827?
False
Does 24 divide 383663880?
True
Is 6238916 a multiple of 569?
False
Is 2775649142 a multiple of 6393?
False
Does 389 divide 5039576?
False
Is 11045186 a multiple of 71?
True
Does 184 divide 89240?
True
Is 15477812 a multiple of 31?
False
Is 6827612 a multiple of 418?
True
Is 42 a factor of 96439728?
True
Is 67047260 a multiple of 2492?
True
Does 28 divide 75868268?
True
Does 6 divide 14456922?
True
Is 9885002 a multiple of 112?
False
Does 58 divide 43410375?
False
Is 62848632 a multiple of 168?
True
Is 76215798 a multiple of 89?
False
Is 1480283265 a multiple of 14?
False
Is 1941149 even?
False
Is 1363362211 a multiple of 11837?
False
Does 18 divide 15785532?
True
Is 2795223725 a multiple of 3043?
True
Does 101 divide 67150558?
False
Does 12 divide 16349964?
True
Is 494 a factor of 648674858?
True
Is 62 a factor of 209768630?
True
Is 94121545 a multiple of 35?
True
Is 24 a factor of 257753352?
True
Is 162232217 a multiple of 27?
False
Is 618 a factor of 14155992?
False
Does 30 divide 1509462698?
False
Is 2292 a factor of 76295897?
False
Is 8 a factor of 34330081?
False
Does 82 divide 7747883?
False
Is 53 a factor of 11581812?
False
Does 17 divide 126695339?
True
Does 4358 divide 78444?
True
Is 292759770 a multiple of 6?
True
Is 73775520 a multiple of 520?
True
Does 3489 divide 909991283?
False
Does 1552 divide 164984738?
False
Is 13911800 a multiple of 190?
True
Is 389 a factor of 1102595993?
True
Does 4 divide 881315932?
True
Does 76 divide 88050368?
False
Does 66 divide 486700104?
True
Is 228 a factor of 9926664?
True
Does 116 divide 81510644?
False
Is 26 a factor of 83945264?
True
Is 45719254 a multiple of 49?
True
Does 66 divide 49421988?
True
Is 467 a factor of 1127314669?
False
Does 119 divide 582780864?
False
Does 210 divide 806377530?
True
Is 36 a factor of 338086039?
False
Is 154 a factor of 291004183?
False
Does 10 divide 12755130?
True
Is 1775 a factor of 13253686?
False
Does 1932 divide 144835249?
False
Is 14 a factor of 899489682?
True
Is 95395915 a multiple of 314?
False
Is 300 a factor of 154867500?
True
Is 38 a factor of 2630162172?
True
Is 91 a factor of 102874912?
False
Is 20948004 a multiple of 753?
False
Is 249 a factor of 14941313?
False
Is 772689542 a multiple of 24?
False
Is 1439 a factor of 91612697?
False
Is 4 a factor of 17510951?
False
Is 98 a factor of 4106984?
True
Is 34 a factor of 30799954?
True
Is 81610923 a multiple o